 the third derivative of -b**5/30 + 5*b**4/3 - 2*b**3/3 - 2*b**2 - 14*b. What are the prime factors of a(12)?
2, 47
Suppose -10*z + 5 = -25. Suppose -z*g + 293 = o, 2*g + 287 - 857 = -2*o. List the prime factors of o.
281
Let o = 15139 - -8032. List the prime factors of o.
17, 29, 47
Let t(l) = -758*l + 232. Let w be t(6). List the prime factors of (w/(-65))/(2 - (-8)/(-5)).
2, 83
List the prime factors of 7 + 60/(-9) - (-154617)/9.
2, 5, 859
Let d be (-12)/(-4) + (0 - 1). List the prime factors of (d/2 - 122)/(1/(-3)).
3, 11
Let b = -153643 + 264176. Suppose -54*q + b - 15817 = 0. List the prime factors of q.
2, 877
Let l(h) = -h**3 + 54*h**2 - 66*h + 229. What are the prime factors of l(48)?
5, 7, 311
Let y = -3605 - -13370. What are the prime factors of y?
3, 5, 7, 31
Let n = 90 - 86. Suppose 3*u + 460 = 4*s, 3*s - 223 - 122 = -n*u. Suppose 692 = 4*z - 3*r, -217 = -2*z - 2*r + s. List the prime factors of z.
2, 5, 17
Suppose 0 = -2*r + 2*c + 83088, -3*c - 124592 = -3*r - 5*c. What are the prime factors of r?
2, 11, 59
Let j(w) = 85*w**3 + 8*w**2 + 23*w - 366. What are the prime factors of j(10)?
2, 2677
Suppose -4*p + a = -73, 2*p - a = -3*a + 34. Let i = -15 + p. Suppose 4*c + t - 167 = 0, i*t = -4*c + t + 162. List the prime factors of c.
43
Suppose -29*u + 13413 = -26*u. What are the prime factors of u?
17, 263
Suppose -c = -5*j + 29804, -8*j = -5*j - 4*c - 17896. What are the prime factors of j/(-168)*-9 - 4/14?
11, 29
Let x be (2 - -2)*(-332)/8. Let u = x + 68. What are the prime factors of (-2)/(-7) - (-7)/u*-822?
59
Let o = -2672 - -2660. Let y(q) be the third derivative of q**5/30 + 17*q**4/24 + 7*q**3/3 + q**2. List the prime factors of y(o).
2, 7
Suppose 0*n = -n + 34. Let p = n - 29. Suppose -p*o = -48 - 57. List the prime factors of o.
3, 7
Suppose 43*d - 45*d + 84881 = 3*g, 5*g - 212205 = -5*d. List the prime factors of d.
2, 21221
Suppose 0 = -12*o - 638 - 382. Let b be (-31100)/o + (-6)/(-51). Suppose -b = h - 4*h. What are the prime factors of h?
2, 61
Let w = 308 + 1085. Let m = w + -752. What are the prime factors of m?
641
Let u(q) = 56*q + 1731. List the prime factors of u(-13).
17, 59
List the prime factors of 4/(-14) + 2251110/175 - 340/(-425).
2, 3, 67
Suppose 0*f + 21 = 3*f - 3*k, 5 = 2*f - 5*k. Let u be -2*((0 - f/(-4)) + -3). What are the prime factors of (85 - 3)*u - -1?
83
Let j be 4 + (-1)/(1/2). Suppose -3*q - j*x + 1814 = 0, 5*x - 3025 = -6*q + q. List the prime factors of q.
2, 151
Let d = 9511 - 4126. List the prime factors of d.
3, 5, 359
List the prime factors of (11332/(-2))/(-71 - -69).
2833
Let g = 4916 + 23632. What are the prime factors of g?
2, 3, 13, 61
Let m(d) be the first derivative of 25*d**3/3 + 4*d**2 + 11*d + 358. Suppose 5*b = -a - 13, -4*b - 6*a = -2*a + 20. What are the prime factors of m(b)?
5, 19
Let h = -10408 + 22487. What are the prime factors of h?
47, 257
Let g = 261 + -57. Suppose 12*v - g = -5*v. Suppose v*d + 5*d = 1887. List the prime factors of d.
3, 37
Let p(z) = 8*z - 149. Let u be p(19). Suppose 5*a - 1527 = c, u*a - 346 - 561 = -4*c. List the prime factors of a.
5, 61
Suppose -3*j - 2*j = -3945. Let a be -3*(-14)/((-294)/(-35)). Suppose -4*z + 2*t - 7*t + 639 = 0, 3*t - j = -a*z. List the prime factors of z.
2, 3, 13
Suppose -5*i + 0*i = -25. Suppose -q = -4, i*l + 4*q + 0*q = 26. Suppose 2*f = -5*z - 0*f + 17, -l*f - 23 = -3*z. List the prime factors of z.
5
Let r(t) = -416*t**3 + 47*t**2 + 203*t - 7. List the prime factors of r(-4).
26557
Let v be (1674/(-155))/(1 - (-12)/(-10)). Suppose j - 2*y = 49, 4*y + v = j + 7*y. What are the prime factors of j?
3, 17
What are the prime factors of (-579)/((-294)/(-112) - 3)?
2, 193
Let d(c) = -c**3 + 24*c**2 - c - 24. Let g be d(19). What are the prime factors of (-1)/6*4 - g/(-6)?
293
Suppose -1248*t = -1238*t - 41750. List the prime factors of t.
5, 167
Suppose 11*z + 3*k = 9*z + 43405, -108517 = -5*z - 9*k. What are the prime factors of z?
2, 19, 571
Let n be 1/((14/555)/14). What are the prime factors of (-2)/15 + 356384/n?
2, 3, 107
Let z(j) = 2*j**2 + 19*j + 26. Let q be z(-8). Suppose 4*c = -q*s + 335 + 361, -2*s - 2*c = -690. List the prime factors of s.
2, 3, 19
Let n be ((-205)/164)/((-2)/432). Suppose 0 = -5*x - n + 1780. What are the prime factors of x?
2, 151
Let v = -293 + 160. Let m = 444 - 240. Let y = v + m. What are the prime factors of y?
71
Let z = -1078 + -453. Let p = z + 2258. What are the prime factors of p?
727
What are the prime factors of (-18)/(-432)*8 + 88323/9?
2, 7, 701
Suppose -812*k = -817*k + 21440. Let s = k + -2778. What are the prime factors of s?
2, 5, 151
Let a be (-211)/((21/(-7))/42). Suppose 417*t = 410*t + a. What are the prime factors of t?
2, 211
Let i be -8 - -10 - (-324 + 0 + -2). Let g = -21 + i. List the prime factors of g.
307
Suppose 2*u + 0 = 4. What are the prime factors of -2 + u - 13/((-91)/2520)?
2, 3, 5
Suppose -298 + 1632 = b. List the prime factors of b.
2, 23, 29
Let s be 732/12 + 4/(-1). Suppose 5*j = 4*k - k - s, 0 = -3*j - k - 37. List the prime factors of (702/j)/((-6)/8).
2, 3, 13
Let w(k) = -15*k + 43. Let p(g) = -5*g + 14. Let v(s) = 11*p(s) - 4*w(s). List the prime factors of v(18).
2, 3
Suppose -68*f = -409094 - 118027 - 234071. List the prime factors of f.
2, 29, 193
Suppose -163880 = -18*v - 42056. Suppose -57*j = -41*j - v. What are the prime factors of j?
3, 47
Let l(j) = 3*j**2 - 4*j - 80. Let i be l(-6). Let s = -13 + 35. Let x = s + i. List the prime factors of x.
2, 37
Let n = -71 - -39. Let o = -30 - n. Suppose 3*k - 278 = -o*k - q, -2*k - q = -110. List the prime factors of k.
2, 7
Suppose 44*w - 40*w - 10 = 3*a, -3*a - 4*w = -22. List the prime factors of (-2233)/(-33) + (-10)/6 + a.
2, 17
Let o be (8/(-10))/((-16)/(-40))*-16. Suppose 19*b = 27*b + o. What are the prime factors of (-440)/b - ((-4)/1)/1?
2, 3, 19
Suppose 0 = 2*l - 4 - 0. Let x(v) = 2 + 20*v**2 - 20*v**2 + 6*v**3 - v. What are the prime factors of x(l)?
2, 3
Let p = 2362 + -3814. Let q = -769 - p. What are the prime factors of q?
683
Let w = -160 - -214. List the prime factors of (-1)/6 + 21501/w.
2, 199
Let z = -17082 + 22192. What are the prime factors of z?
2, 5, 7, 73
Let k = -499 - -629. What are the prime factors of k?
2, 5, 13
Let s = -13795 - -70273. List the prime factors of s.
2, 3, 9413
Let k(x) = 945*x**2 - 5*x - 17. List the prime factors of k(3).
37, 229
Suppose 19*o - 12 = 17*o. Suppose -o*c - 2412 = -12*c. Suppose c = 3*r - 3*b, r - b = 2*r - 140. List the prime factors of r.
137
Let x(v) = 3*v**3 - 16*v**2 - 9*v - 65. Suppose 0 = -46*s + 35*s + 110. List the prime factors of x(s).
3, 5, 83
Let p(m) = 8*m**2 + 20*m - 13. Let x be 11*-1*(-40 - -41). What are the prime factors of p(x)?
3, 5, 7
List the prime factors of 20/430 - 3179586/(-129).
2, 3, 13, 79
Let l be 7440 + 0 - (-1 - (9 + -10)). Suppose 0 = 14*y + l - 30652. What are the prime factors of y?
2, 829
Let l be (117/2)/(9/774). Suppose 12*o - l = -3. List the prime factors of o.
419
Let l(o) = -o**2 - 41*o + 99. Suppose -290 = -5*w + 15*w. What are the prime factors of l(w)?
3, 149
Let h be (-2)/11 + 664/22. Let n = 55 - h. List the prime factors of ((-63)/3)/(n/14 - 2).
2, 7
Suppose -b = -x - 13, -5*b + 0 = -5. List the prime factors of -2*(7*x + (-14 - -15)).
2, 83
Suppose -z + 12 = -2*x - 4*z, 0 = x - 2*z - 8. Let d(h) = -h**3 + h + 15. Let b be d(x). Let a = b - -26. What are the prime factors of a?
41
Suppose -5*l + 60670 = -2*j - j, -j = 3*l - 36416. What are the prime factors of l?
53, 229
Let q(v) = 7*v + 38. Let r be q(-5). Suppose -1365 = -2*c - r*g, -5*c - 4*g = -6*c + 710. What are the prime factors of c?
2, 3, 5, 23
Let x(n) = -n**2 + 25*n - 44. Let d be x(23). What are the prime factors of (5/d)/(-5) + 31090/20?
2, 3, 7, 37
Suppose -9*n - 5*n + 112 = 0. List the prime factors of 88/24 - 3*n/(-18).
5
Let v(o) be the first derivative of 51*o**2/2 - 18*o + 6241. Let i = -8 + 11. List the prime factors of v(i).
3, 5
Suppose 53*f = 52*f. Suppose f = 2*v + v + 6, v = 5*x - 252. Suppose -40*a = -38*a - x. List the prime factors of a.
5
Let v = 32832 + 3381. What are the prime factors of v?
3, 12071
Let v(p) be the first derivative of -7*p**2 - 51*p - 147. List the prime factors of v(-31).
383
Suppose -q